der when r(24) is divided by 58?
56
Let m(k) = 9*k**2 - 91*k + 93. Suppose -2*g + 4 = -4. Suppose 3*x - g*d - 24 = 0, -5*d + 3 = 4*x + 2. What is the remainder when x is divided by m(9)?
1
Let c(v) be the third derivative of 0 + 3/8*v**4 - 1/60*v**5 + 15*v**2 + 0*v - 4/3*v**3. Calculate the remainder when 32 is divided by c(4).
8
Let c(i) = i + 25. Let u be c(-16). Suppose 0 = -7*y + u*y - 66. Calculate the remainder when y is divided by (-17)/(0 + 0 + -1).
16
Let j = 38995 - 38587. Calculate the remainder when j is divided by 5.
3
Suppose -3*z + 789 = 4*a, a - 198 = -24*z + 23*z. Calculate the remainder when 980 is divided by a.
5
Let n be (-588)/(-15)*(-3 + 8). Suppose 4*w - n - 272 = 0. Suppose 3*v + 2*g = 51, 5*v + 3*g - 2*g - 78 = 0. What is the remainder when w is divided by v?
12
Suppose 24*b = 21*b + 18, -t - 5*b + 7231 = 0. What is the remainder when t is divided by 267?
259
Suppose 0 = 3*v - y - 1053, -3*v + 10*y = 15*y - 1035. What is the remainder when v is divided by 128?
94
Let g = 70 + -11. Let k = -27 + g. What is the remainder when 115 is divided by (k/(-48))/((-4)/174)?
28
Suppose 0 = -3*v + 4*v + 30 - 165. Calculate the remainder when v is divided by 113.
22
Suppose -14*k + 14858 = 3*k + 17*k. What is the remainder when k is divided by 157?
123
Suppose -10*f - 221 = 269. Let v = f - -57. What is the remainder when 16 is divided by v?
0
Suppose -87*n - 840 = -93*n. What is the remainder when n is divided by (36/5)/((-9)/(-30))?
20
What is the remainder when (88/363*11)/(1/(20781/6)) is divided by 66?
62
Let l be ((-6)/(-4))/(21/952). Let d = l + -58. What is the remainder when d is divided by 4 + (2 + 1 - 1)?
4
Calculate the remainder when 318 is divided by (-3)/(-12)*(190 + -2).
36
Suppose n + 345*n = 5759 + 10157. Calculate the remainder when 1086 is divided by n.
28
Calculate the remainder when -15*(4/30 + (-2912)/780) is divided by 50.
4
Suppose -d = 5, 2*x + 185 = d - 54. Let v = 165 + x. What is the remainder when v is divided by 7?
1
Suppose 11*i - 928 = -3*t + 6*i, 2*t - 610 = i. Calculate the remainder when 331 is divided by t.
25
Suppose 3*m - 98 = s - 505, 2*s - 12*m - 808 = 0. Calculate the remainder when s is divided by 21.
11
What is the remainder when (12060/(-1675))/(416/210 + -2) is divided by 60?
18
Let a be (-54)/(-30)*15/9. Calculate the remainder when (-3)/a*(-58 + -29) is divided by 16.
7
Suppose 4*u + 24 = -0*p + 4*p, -18 = -3*p + 4*u. Let n(t) = 9*t**2 + 2*t. Let w be n(1). Calculate the remainder when p is divided by 2/11 + -6 + 97/w.
0
Suppose 2*y = -4, 0 = 5*o + 3*y - 7*y - 258. Suppose -2*h + 12 = 4*p, p = -h - 2*p + 4. Suppose -6*z + h*z = 80. What is the remainder when o is divided by z?
10
Let d be 9/18 - 750/(-4). Suppose 3*o - 43 - d = 0. Let m(k) = 8*k**2 - 66*k + 37. What is the remainder when o is divided by m(8)?
14
Let d(f) = f + 7. Let t = 124 - 84. What is the remainder when d(6) is divided by (-1 - 21/(-5))*100/t?
5
Let p(a) = -6 + 10*a**2 + 15*a**2 + 12*a + 39 - 24*a**2. Calculate the remainder when p(-10) is divided by (-3)/(-18) + (-17)/(-6).
1
Suppose 3*t - 81 = r, t + 27*r - 1 = 23*r. Calculate the remainder when 1848 is divided by t.
23
Let o = -59 + 63. Suppose -2*j + 29 = -4*b - 25, -o*b = 4. What is the remainder when 70 is divided by j?
20
Suppose 3*n + 4*k - 24 = 0, n = k - 4*k + 8. Calculate the remainder when (-9 - (-68)/8)*-30 is divided by n.
7
Suppose -3*n = 124*i - 121*i - 231, 2*i = -4*n + 312. What is the remainder when 2202 is divided by n?
69
Suppose -22*y + 53 = -21*y. Let o = -74 + y. Let g = 73 + o. What is the remainder when 102 is divided by g?
50
Suppose -5*v = 5*h - 3820, -3*h - 10*v + 13*v = -2292. Suppose 396 = -4*r + h. Calculate the remainder when r is divided by 53.
39
What is the remainder when 12752/28 + (21/(-245))/((-5)/(-25)) is divided by 104?
39
Calculate the remainder when 82 is divided by ((-30)/(-12)*-2 - (-67 - 0)) + -5.
25
Let a = 264 - 171. Let m = 1595 + -1581. Calculate the remainder when a is divided by m.
9
Let k be (-5 + -20)*(-1)/5. Suppose v + k*p + 9 = 67, 0 = 5*v + 5*p - 250. Calculate the remainder when 143 is divided by v.
47
Suppose 9*y = 11*y - 182. Suppose -g + q + 37 = 0, 3*g + 4*q - 3*q = y. Calculate the remainder when ((-279)/6)/((-1)/2) is divided by g.
29
Suppose -2 = -4*a - 10. Suppose 0 = -3*p + 420 - 90. What is the remainder when p is divided by (-1 - a) + -8 + 35?
26
Let y = -507 + 944. Calculate the remainder when y is divided by 100.
37
Let p(u) = -u**3 + 14*u**2 - 19*u + 108. Calculate the remainder when 53 is divided by p(13).
23
Suppose 3*b - 354 = 5*z, 14*b - 12*b - 232 = 4*z. Calculate the remainder when 378 is divided by b.
122
Suppose 0 = 8*f - 7*f. Suppose 0 = -f*x + 5*x - 125. Calculate the remainder when 34/51 + 416/6 is divided by x.
20
Suppose -13908*d - 2174 = -13898*d - 9624. Suppose 249 = 4*z - z. What is the remainder when d is divided by z?
81
Let b(t) = t**3 - 4*t**2 - 21*t + 10. Suppose -440*i + 434*i + 42 = 0. Calculate the remainder when 37 is divided by b(i).
7
Let n = -2197 - -2870. Calculate the remainder when n is divided by 17.
10
Calculate the remainder when 6966 is divided by (-5)/(-125) - (-11664)/900.
11
Let w = 164 - -208. Suppose -q - 5*h = -3*q + w, 0 = 5*q + 4*h - 963. What is the remainder when q is divided by 22?
15
Let u(h) = 9*h + 136. Calculate the remainder when u(17) is divided by 49.
44
Let q(c) = 7*c**2 - 10*c + 6. Let v be q(1). Suppose -v*b - f = -76, 0 = 3*f + 3 - 15. What is the remainder when 117 is divided by b?
21
Let z = -460 + 474. Let m(q) = 9*q - 80. Calculate the remainder when 133 is divided by m(z).
41
Let q(m) = m**3 - 7*m**2 - 4*m - 17. Let j(s) = s**3 + 9*s**2 + 11*s + 32. Let x be j(-8). Calculate the remainder when 52 is divided by q(x).
7
Suppose 378 = 3*g + 32*n - 29*n, 638 = 5*g + n. What is the remainder when g is divided by (-1)/((-2)/152*4)?
14
Calculate the remainder when (-239)/((-16)/20 + 98/210) is divided by 142.
7
Let y(v) = v**3 + 14*v**2 + 27*v + 31. Let t be y(-11). Let c = t + 36. Calculate the remainder when c is divided by 34.
31
Suppose 35*w - 43*w + 48 = 0. Let g(f) = -2*f**3 - f**2 + f. Let s be g(1). Calculate the remainder when w - (s - -4) - -25 is divided by 8.
5
Suppose -13*x + 1206 = -845 - 1199. What is the remainder when 1015 is divided by x?
15
Let q = -7 - -12. Suppose 5*d - 370 = -0*d - 5*k, 4*k = -q*d + 368. What is the remainder when d is divided by 1/(-2*(-7)/350)?
22
Let d = 76 + -34. Suppose d = 3*n - 0*n. What is the remainder when 23 is divided by n?
9
Let a = 8 + 50. Calculate the remainder when a is divided by -10 - (-3 + -237)/8.
18
Suppose 5*u + 3323 = -h + 1047, -2*h = -3*u - 1363. What is the remainder when 250 is divided by 273/u + -1 + 68/5?
10
What is the remainder when 655 is divided by (171/45)/(2/9 + 4/(-20))?
142
Let x = 24026 - 23909. What is the remainder when 8657 is divided by x?
116
Let c(y) be the third derivative of -y**6/120 + y**5/4 - 5*y**4/12 + y**3/3 + 25*y**2. What is the remainder when c(14) is divided by 45/(-6)*(-4 - -2)?
13
Let z(i) = 9*i**2 + 49*i - 411. Calculate the remainder when z(9) is divided by 26.
5
Suppose 222 = 2*m - 38. Suppose 0 = -4*g - 8*w + 3*w + 104, 4*w + m = 5*g. Suppose 0 = 3609*o - 3280*o - 13489. Calculate the remainder when o is divided by g.
15
Suppose -9*i + u + 488 = -7*i, 5*u = 3*i - 725. Calculate the remainder when 256 is divided by i.
11
Suppose -3*p + 205 = 5*h, -2*p - 1 = -h + 27. Suppose 7*x - 4*x = 3, 5*x + 1930 = 3*m. What is the remainder when m is divided by h?
37
Let w be 2/(-1)*(-117)/18. Suppose w*j + 234 = 15*j. Suppose 4*p = -4*f + 5*p + 169, 4*p = 3*f - j. Calculate the remainder when 125 is divided by f.
39
Let p(h) = 269*h + 280. What is the remainder when 1776 is divided by p(-1)?
5
Suppose 4*g = i - 821, 1904 + 559 = 3*i + 4*g. What is the remainder when i is divided by 11?
7
Suppose -4*j = -64 - 108. Suppose j*w = 50*w - 308. What is the remainder when 110 is divided by w?
22
Let p(f) = 15*f**3 + 5*f**2 + 6*f - 22. Calculate the remainder when p(3) is divided by 20.
6
Suppose 2*f - 218 = w, f + 3*w - 108 + 6 = 0. What is the remainder when ((-3)/1)/(-1) + f + 20 is divided by 7?
5
Suppose 0*b = 4*b + 132. Let x = -8 + b. What is the 